e of -1 + 5 + -9 + 2?
-3
Evaluate -8 + (5 + 14 - 4).
7
Calculate 6 + -6 + 3 - (11 + -1).
-7
Evaluate 2 + (-1 + 1 - 6).
-4
What is the value of -4 + (17 - 9) - -4?
8
Calculate -19 - (-7 - (-10 + 13)).
-9
What is (-2 - (-1 - 1)) + 10?
10
Evaluate -4 + (-6 - (-4 + -5)).
-1
Evaluate 3 + -4 - 7 - -4.
-4
What is the value of -4 + 7 - (3 - -1)?
-1
Calculate 2 - 1 - (-4 - (-14 + 6)).
-3
Calculate -2 - (-1 - 3) - (1 + 1).
0
What is -1 - 4 - (2 - 10)?
3
Calculate (28 - 32) + (0 - (-2 + -6)).
4
1 + 2 + (-2 - 7) + 1
-5
Evaluate 3 + -2 + -14 + -21 + 29.
-5
-5 + (2 - 5 - -3) + 1
-4
What is (7 - 4) + 3 + -1?
5
Evaluate 4 + 0 - (-1 + -1 - -6).
0
Calculate (9 - 3) + (-11 - -2).
-3
What is the value of -6 + 2 + -2 - (2 - 2)?
-6
Evaluate (3 + -5 - 0) + 0 + 6.
4
What is -3 - (0 + -2 - (2 + 1))?
2
What is the value of (-8 - (-3 - 1)) + 7 - -1?
4
Evaluate (-4 - (2 - 9)) + -2 - 3.
-2
Evaluate (-2 - -10) + 1 + -3.
6
What is 0 - (1 + 1 + 1 - -2)?
-5
What is the value of 5 + -2 + (9 - 4)?
8
What is -1 + 0 + (-80 - -80) - 7?
-8
What is the value of 3 - (0 + -2 + 10)?
-5
What is -1 - (6 - (4 + -3 + 1))?
-5
What is the value of (1 - 3) + (15 - 15)?
-2
What is the value of (3 - 3 - -1) + 0 + -2?
-1
What is 2 - (7 + -4 + -5)?
4
Evaluate -1 + (7 + -3 - 0).
3
What is 0 - 3 - (-7 + 1 - -11)?
-8
Calculate 2 - (11 - 15) - 11.
-5
Evaluate (8 - (9 - (-3 - -6))) + -6.
-4
-1 + -1 - -3 - 8 - -3
-4
-10 - (-6 - (5 + -3))
-2
Calculate 3 + (3 + -1 - (4 - -2)).
-1
Calculate 7 + (-1 + 8 - 3 - 5).
6
Evaluate 9 + 6 + -12 - -2.
5
What is (9 - 6) + -7 - (-1 - 8)?
5
What is 6 - (13 - 13) - 8?
-2
(0 - -7) + -2 + -5 + 5
5
Calculate 6 + 3 - 6 - (6 - 1).
-2
What is the value of -3 + (0 + 5 + -4 - -1)?
-1
Calculate -3 - (-2 + 5 - (8 + -2)).
0
What is the value of 4 - (-2 + -4 + 7)?
3
(0 + -3 - 2) + 4
-1
-1 - -4 - (-8 - -15)
-4
What is the value of (2 - -1) + (1 - 7)?
-3
Calculate (-1 - (-2 - -3)) + -3.
-5
Calculate 5 + 3 + -5 + 12 + -13.
2
What is (2 - 0) + (-1 - 0)?
1
Evaluate (3 - -4) + -9 - -2.
0
What is the value of (-4 - -8) + -1 + 1 + 2?
6
-12 + 7 + -5 - -9
-1
Evaluate (4 - 5) + (-5 - -4 - -1).
-1
Evaluate 7 + (7 - 4 - 5).
5
-6 - 3 - (11 + -17)
-3
Calculate 1 + (1 + 4 - 7).
-1
What is -4 + 1 + 4 - 1 - 6?
-6
1 + -1 - (-5 - -6) - 4
-5
(19 - 10) + -23 - -11
-3
What is (-8 - (-22 + 9)) + (1 - 8)?
-2
What is the value of -2 + (-4 - -5) - -1?
0
(-2 - -1) + -6 + 9 + -7
-5
What is the value of -3 + (0 - -4 - (15 + -10))?
-4
What is 121 + -123 + 1 + 5?
4
Calculate 2 - -2 - (-6 + 0).
10
What is the value of -3 + 1 + (22 - 26) - -5?
-1
(1 + 1 - 7 - 0) + 4
-1
0 - (3 + -5 - 0)
2
What is the value of (4 - (2 + 0 - 3)) + -8?
-3
Evaluate 1 + -2 + 2 + 2.
3
-14 + 6 - (1 + -3)
-6
What is 2 - (9 + -3) - (-1 + 1)?
-4
What is the value of (0 + -3 - -7) + -1 + -3?
0
Evaluate -2 - (-3 + 1 + -6).
6
2 - (3 - (1 - 1))
-1
Calculate 0 - (6 + -6) - -4.
4
Evaluate -5 - ((-3 - -1) + -6 + 5).
-2
What is the value of 1 + 0 - (-15 + 4 + 5)?
7
What is 0 - (0 - 3) - (-33 + 31)?
5
Evaluate (6 - (1 + 0)) + -2 + -13.
-10
Evaluate 11 + -2 - (12 + (3 - 7)).
1
Calculate 2 + 3 + -7 + 0.
-2
Evaluate 9 + -1 + 9 + -14.
3
What is 0 + (1 - (3 + -2))?
0
(-1 - (2 + -1)) + -55 + 57
0
What is 2 - (-5 - (1 - 5))?
3
Evaluate (-98 - -93) + 13 + 0.
8
7 - 0 - (-16 - -21)
2
What is the value of 14 + (-9 - -10 - 14)?
1
What is the value of 3 - (0 + 0 + 0)?
3
Calculate (-3 - (9 - 4)) + 14.
6
What is the value of (-3 - 6) + (1 - -6)?
-2
8 + -9 + -3 - (-1 - 3)
0
What is the value of (-12 - -15) + (2 + -2 - -2)?
5
What is the value of 5 - (-1 + -2 + 6 - 0)?
2
8 + -13 + -1 + 0
-6
What is 10 + (-16 - (-6 - -4))?
-4
What is -13 - -6 - -11 - (5 - 0)?
-1
14 + -12 + (-3 - -1) + 1
1
13 + -3 - (35 - 31)
6
2 + 5 - (28 - 25)
4
What is -3 - -8 - (2 + (3 - 7))?
7
Calculate -9 + 17 + -1 - -1.
8
What is -1 + (11 - 9 - -6)?
7
What is the value of 1 - (6 - 8 - -5 - 3)?
1
Calculate -12 + (6 - (-13 + 7)) + -7.
-7
What is the value of 2 - (-6 - (0 - 1) - -2)?
5
(8 - 5 - -2 - 1) + 2
6
-9 + -4 - -9 - -10
6
What is -4 + -3 + 6 + 5 + 0?
4
Calculate (2 + 1 - 4) + 5 + 1.
5
What is 46 + -51 + 1 + 4 + -1?
-1
Evaluate -4 - -5 - (0 - (5 - -1)).
7
(8 - 4) + -3 - (0 + 0)
1
Evaluate -15 - -13 - -13 - 1.
10
Calculate -5 - (3 - -2 - (23 - 18)).
-5
Calculate 3 - (-3 + 0 - -1) - 1.
4
Evaluate 2 + 3 + 0 + -9.
-4
What is 7 + 0 + (-5 + 5 - 1)?
6
What is the value of -8 + 7 + 4 + -10?
-7
Calculate 2 - 2 - -2 - (18 - 11).
-5
What is the value of (-8 - -5) + 0 + 5?
2
Evaluate 5 - (2 - 5) - 3.
5
-1 + -3 + (-11 - -12) + 2
-1
Calculate 8 + (7 - 8) + -5.
2
What is -4 - -11 - 9 - -3?
1
Evaluate -3 - (3 + (4 - 12)).
2
What is the value of -3 + -4 - (-5 + -2)?
0
Calculate -1 + 4 + (0 - 1).
2
What is the value of (10 - 6) + 6 + -3 + 0?
7
What is -6 + (14 - -1) + 26 + -26?
9
1 + 4 - (2 + 2)
1
What is the value of 1 - (-10 - (12 + -16))?
7
Calculate 1 + 0 + -1 + -21 + 16.
-5
What is 2 + 5 + -6 + (-2 - 0)?
-1
Evaluate 5 + 3 + -2 + -3.
3
What is -6 - -1 - (-10 + 6 + 8)?
-9
Calculate 0 + 0 - 2 - -3.
1
What is the value of -3 + (-2 - (0 + -1)) + 1?
-3
Evaluate (-1 - 2) + (-3 + 6 - 1).
-1
What is 6 + -7 - (-3 + 3)?
-1
Calculate 1 - -2 - (-2 - -3).
2
Evaluate -5 - -1 - (0 + 2 + -8).
2
Calculate -1 + 1 + (2 - 5) + 4.
1
5 - 6 - -3 - -5
7
0 + 1 + (-7 - -10)
4
What is 9 + (-5 - -1) - (-3 + 1)?
7
Calculate 0 + 0 + 3 + 149 + -148.
4
3 + -9 - (-6 + -5 + 10)
-5
Evaluate 2 - ((3 - -4) + 0).
-5
What is (-5 - (-16 + 13)) + 1?
-1
Calculate -2 + (-15 - -7) + 10.
0
-9 + (4 - -6) + -3
-2
Calculate -3 - 1 - (21 - 20).
-5
What is (2 - 11) + 1 + 2 + 1?
-5
Evaluate -78 - -72 - (1 - 10).
3
What is 2 + -3 + -1 - (-1 + 3)?
-4
Calculate -1 - (-1 - (-1 - 1) - 3).
1
(-8 - (1 + -5)) + 3
-1
Evaluate 4 + (-5 - 1) - -10.
8
What is (0 + -2 - 1) + 6 + 0?
3
Calculate (1 - 11 - 3) + 12.
-1
What is the value of 7 + (-19 + 2 - -7)?
-3
Evaluate (29 - 20) + -3 + 0 + 3.
9
What is 22 + -10 - (-4 - -2) - 7?
7
What is 8 + 5 + -10 + -4?
-1
Evaluate 8 + (-3 + 0 - -1).
6
What is the value of 16 - 5 - (14 - -2)?
-5
What is the value of 2 - (5 + -8 + 4)?
1
Evaluate (25 - 12) + 2 - (1 - -4).
10
What is 2 + 1 + -1 - (-6 - -6)?
2
Calculate (3 - 1) + (7 + -5 - 4).
0
Calculate -2 - (1 + (9 - 7)).
-5
Evaluate -2 + 13 + -5 + -6.
0
Calculate -1 - ((10 - 6) + -14).
9
What is the value of 11 + (-1 - 4) - 11?
-5
15 + 1 + -7 + 2 + -4
7
Calculate -2 + -1 - (-5 + 1).
1
What is the value of 2 + 0 - 6 - -4?
0
3 + -1 - (17 + -17)
2
Evaluate 3 + -9 + 1 - -1.
-4
Calculate -10 - -13 - (1 + 0).
2
Evaluate -2 + (-7 + 3 - -8 - -1).
3
What is the value of -3 + (1 + -3 - -2)?
-3
What is the value of 3 - 5 - (4 + -3)?
-3
What is the value of 0 - 2 - (3 - (17 + -12))?
0
Evaluate -13 + 4 + 5 - -2.
-2
What is the value of 16 + -11 - (-2 + -4 + 5)?
6
Calculate (6 + -4 - 9) + 0 + 3.
-4
What is 7 + -17 + 2 - -4?
-4
What is -5 + 1 - (-2 + -1 + 4)?
-5
What is (0 - (3 - 0)) + (7 - 2)?
2
What is 37 - 26 - (4 - (1 + -1))?
7
What is 4 + -5 + (6 - 8)?
-3
7 + (0 - (-1 + 7))
1
Evaluate 11 + -6 - 11 - -4.
-2
What is the value of 2 - (-2 - (-9 + 4))?
-1
What is -3 - (2 + -2 + -4 + 4)?
-3
What is (3 + -3 + 1 - -3) + -1?
3
What is 63 + -57 - (1 - -1)?
4
What is 10 + -11 + (2 - 1) + 6?
6
Evaluate (-2 + 0 - -8) + -2.
4
Evaluate -4 - (-3 + (5 - 7)).
1
What is -18 + 20 - (2 + -3)?
3
What is -8 - (8 + -12) - -2?
-2
What is the value of -1 + 0 + 3 - 4?
-2
0 - -1 - -2 - (66 - 62)
-1
6 - (8 - 15 - -2 - -12)
-1
What is the value of -10 + (-4 - (-10 + 0))?
-4
2 - 0 - (5 - 2)
-1
Calculate -6 - -1 - (-22 + 22).
-5
11 + -4 + -1 - (1 - 4)
9
Calculate -2 + (-4 - (2 - 14)).
6
What is 3 - 2 - 0 - -3?
4
Calculate (-2 - -2) + (-1 - -2).
1
What is -4 - -6 - (-2 - -6)?
-2
Evaluate -6 + (-8 + -2 - -11).
-5
What is the value of 3 + -9 + (-17 - -13) - -7?
-3
What is the value of (-69 - -65) + (-2 - -16)?
10
Evaluate -2 + 2 + -4 + -4.
-8
What is 3 + 0 - (-8 + -1 + 11)?
1
-1 - (-5 - -1) - (-9 + 12)
0
Evaluate 0 - -1 - (1 - -4) - 1.
-5
What is the value of -5 + (13 - 4) + -4?
0
Evaluate 0 + -6 + 3 + 5.
2
Calculate (8 - (0 - (2 + -7))) + 0.
3
What is the value of 1 - (-3 + 5) - 4?
-5
Evaluate 8 + (-9 - (-13 + 6)).
6
What is -3 + (-1 - -2) + -3?
-5
Calculate -6 - -6 - (1 - -3).
-4
Calculate 0 + -1 - (-26 + 21).
4
What is (12 + 1 - 3) + 1 + -5?
6
Calculate 3 + -8 + 13 + -11.
-3
4 + 0 + 71 + -69
6
Calculate (3 - -3) + -5 + (1 -